{"id":247,"date":"2021-08-26T12:52:18","date_gmt":"2021-08-26T12:52:18","guid":{"rendered":"https:\/\/determined-banzai.136-243-168-66.plesk.page\/?page_id=247"},"modified":"2021-08-29T10:05:36","modified_gmt":"2021-08-29T10:05:36","slug":"wybrane-prace","status":"publish","type":"page","link":"https:\/\/determined-banzai.136-243-168-66.plesk.page\/index.php\/wybrane-prace\/","title":{"rendered":"Wybrane prace"},"content":{"rendered":"\n<p class=\"has-large-font-size\"><strong>Medaliki <\/strong><\/p>\n\n\n\n<p><\/p>\n\n\n\n<figure class=\"wp-block-gallery columns-3 is-cropped wp-block-gallery-1 is-layout-flex wp-block-gallery-is-layout-flex\"><ul class=\"blocks-gallery-grid\"><li class=\"blocks-gallery-item\"><figure><a href=\"https:\/\/determined-banzai.136-243-168-66.plesk.page\/wp-content\/uploads\/2021\/08\/ZIELONY.png\"><img loading=\"lazy\" decoding=\"async\" width=\"559\" height=\"790\" src=\"https:\/\/determined-banzai.136-243-168-66.plesk.page\/wp-content\/uploads\/2021\/08\/ZIELONY.png\" alt=\"\" data-id=\"147\" data-full-url=\"https:\/\/determined-banzai.136-243-168-66.plesk.page\/wp-content\/uploads\/2021\/08\/ZIELONY.png\" data-link=\"https:\/\/determined-banzai.136-243-168-66.plesk.page\/index.php\/cykl-iv\/zielony\/\" class=\"wp-image-147\" srcset=\"https:\/\/determined-banzai.136-243-168-66.plesk.page\/wp-content\/uploads\/2021\/08\/ZIELONY.png 559w, https:\/\/determined-banzai.136-243-168-66.plesk.page\/wp-content\/uploads\/2021\/08\/ZIELONY-212x300.png 212w\" sizes=\"auto, (max-width: 559px) 100vw, 559px\" \/><\/a><figcaption class=\"blocks-gallery-item__caption\"> ZIELONY 2021 TECHNIKA W\u0141ASNA 2 X 60 CM X 30 CM <\/figcaption><\/figure><\/li><li class=\"blocks-gallery-item\"><figure><a href=\"https:\/\/determined-banzai.136-243-168-66.plesk.page\/wp-content\/uploads\/2021\/08\/CZERWONY.png\"><img loading=\"lazy\" decoding=\"async\" width=\"482\" height=\"682\" src=\"https:\/\/determined-banzai.136-243-168-66.plesk.page\/wp-content\/uploads\/2021\/08\/CZERWONY.png\" alt=\"\" data-id=\"143\" data-full-url=\"https:\/\/determined-banzai.136-243-168-66.plesk.page\/wp-content\/uploads\/2021\/08\/CZERWONY.png\" data-link=\"https:\/\/determined-banzai.136-243-168-66.plesk.page\/index.php\/cykl-iv\/czerwony\/\" class=\"wp-image-143\" srcset=\"https:\/\/determined-banzai.136-243-168-66.plesk.page\/wp-content\/uploads\/2021\/08\/CZERWONY.png 482w, https:\/\/determined-banzai.136-243-168-66.plesk.page\/wp-content\/uploads\/2021\/08\/CZERWONY-212x300.png 212w\" sizes=\"auto, (max-width: 482px) 100vw, 482px\" \/><\/a><figcaption class=\"blocks-gallery-item__caption\"> R\u00d3\u017bOWY 2021 TECHNIKA W\u0141ASNA 2 X 60 CM X 30 CM <\/figcaption><\/figure><\/li><li class=\"blocks-gallery-item\"><figure><a href=\"https:\/\/determined-banzai.136-243-168-66.plesk.page\/wp-content\/uploads\/2021\/08\/BIALY.png\"><img loading=\"lazy\" decoding=\"async\" width=\"541\" height=\"765\" src=\"https:\/\/determined-banzai.136-243-168-66.plesk.page\/wp-content\/uploads\/2021\/08\/BIALY.png\" alt=\"\" data-id=\"141\" data-full-url=\"https:\/\/determined-banzai.136-243-168-66.plesk.page\/wp-content\/uploads\/2021\/08\/BIALY.png\" data-link=\"https:\/\/determined-banzai.136-243-168-66.plesk.page\/index.php\/cykl-iv\/bialy\/\" class=\"wp-image-141\" srcset=\"https:\/\/determined-banzai.136-243-168-66.plesk.page\/wp-content\/uploads\/2021\/08\/BIALY.png 541w, https:\/\/determined-banzai.136-243-168-66.plesk.page\/wp-content\/uploads\/2021\/08\/BIALY-212x300.png 212w\" sizes=\"auto, (max-width: 541px) 100vw, 541px\" \/><\/a><figcaption class=\"blocks-gallery-item__caption\"> BIA\u0141Y 2021 TECHNIKA W\u0141ASNA 2 X 60 CM X 30 CM <\/figcaption><\/figure><\/li><li class=\"blocks-gallery-item\"><figure><a href=\"https:\/\/determined-banzai.136-243-168-66.plesk.page\/wp-content\/uploads\/2021\/08\/CZARNY.png\"><img loading=\"lazy\" decoding=\"async\" width=\"541\" height=\"765\" src=\"https:\/\/determined-banzai.136-243-168-66.plesk.page\/wp-content\/uploads\/2021\/08\/CZARNY.png\" alt=\"\" data-id=\"142\" data-full-url=\"https:\/\/determined-banzai.136-243-168-66.plesk.page\/wp-content\/uploads\/2021\/08\/CZARNY.png\" data-link=\"https:\/\/determined-banzai.136-243-168-66.plesk.page\/index.php\/cykl-iv\/czarny\/\" class=\"wp-image-142\" srcset=\"https:\/\/determined-banzai.136-243-168-66.plesk.page\/wp-content\/uploads\/2021\/08\/CZARNY.png 541w, https:\/\/determined-banzai.136-243-168-66.plesk.page\/wp-content\/uploads\/2021\/08\/CZARNY-212x300.png 212w\" sizes=\"auto, (max-width: 541px) 100vw, 541px\" \/><\/a><figcaption class=\"blocks-gallery-item__caption\"> CZARNY 2021 TECHNIKA W\u0141ASNA 2 X 60 CM X 30 CM <\/figcaption><\/figure><\/li><li class=\"blocks-gallery-item\"><figure><a href=\"https:\/\/determined-banzai.136-243-168-66.plesk.page\/wp-content\/uploads\/2021\/08\/ZOLTY.png\"><img loading=\"lazy\" decoding=\"async\" width=\"563\" height=\"748\" src=\"https:\/\/determined-banzai.136-243-168-66.plesk.page\/wp-content\/uploads\/2021\/08\/ZOLTY.png\" alt=\"\" data-id=\"148\" data-full-url=\"https:\/\/determined-banzai.136-243-168-66.plesk.page\/wp-content\/uploads\/2021\/08\/ZOLTY.png\" data-link=\"https:\/\/determined-banzai.136-243-168-66.plesk.page\/index.php\/cykl-iv\/zolty\/\" class=\"wp-image-148\" srcset=\"https:\/\/determined-banzai.136-243-168-66.plesk.page\/wp-content\/uploads\/2021\/08\/ZOLTY.png 563w, https:\/\/determined-banzai.136-243-168-66.plesk.page\/wp-content\/uploads\/2021\/08\/ZOLTY-226x300.png 226w\" sizes=\"auto, (max-width: 563px) 100vw, 563px\" \/><\/a><figcaption class=\"blocks-gallery-item__caption\">\u017b\u00d3\u0141TY 2021 TECHNIKA W\u0141ASNA 2 X 60 CM X 30 CM<\/figcaption><\/figure><\/li><li class=\"blocks-gallery-item\"><figure><a href=\"https:\/\/determined-banzai.136-243-168-66.plesk.page\/wp-content\/uploads\/2021\/08\/GRANAT.png\"><img loading=\"lazy\" decoding=\"async\" width=\"563\" height=\"757\" src=\"https:\/\/determined-banzai.136-243-168-66.plesk.page\/wp-content\/uploads\/2021\/08\/GRANAT.png\" alt=\"\" data-id=\"144\" data-full-url=\"https:\/\/determined-banzai.136-243-168-66.plesk.page\/wp-content\/uploads\/2021\/08\/GRANAT.png\" data-link=\"https:\/\/determined-banzai.136-243-168-66.plesk.page\/index.php\/cykl-iv\/granat\/\" class=\"wp-image-144\" srcset=\"https:\/\/determined-banzai.136-243-168-66.plesk.page\/wp-content\/uploads\/2021\/08\/GRANAT.png 563w, https:\/\/determined-banzai.136-243-168-66.plesk.page\/wp-content\/uploads\/2021\/08\/GRANAT-223x300.png 223w\" sizes=\"auto, (max-width: 563px) 100vw, 563px\" \/><\/a><figcaption class=\"blocks-gallery-item__caption\"> GRANATOWY 2021 TECHNIKA W\u0141ASNA 2 X 60 CM X 30 CM <\/figcaption><\/figure><\/li><li class=\"blocks-gallery-item\"><figure><a href=\"https:\/\/determined-banzai.136-243-168-66.plesk.page\/wp-content\/uploads\/2021\/08\/SREBRNY.png\"><img loading=\"lazy\" decoding=\"async\" width=\"1024\" height=\"733\" src=\"https:\/\/determined-banzai.136-243-168-66.plesk.page\/wp-content\/uploads\/2021\/08\/SREBRNY-1024x733.png\" alt=\"\" data-id=\"145\" data-full-url=\"https:\/\/determined-banzai.136-243-168-66.plesk.page\/wp-content\/uploads\/2021\/08\/SREBRNY.png\" data-link=\"https:\/\/determined-banzai.136-243-168-66.plesk.page\/index.php\/cykl-iv\/srebrny\/\" class=\"wp-image-145\" srcset=\"https:\/\/determined-banzai.136-243-168-66.plesk.page\/wp-content\/uploads\/2021\/08\/SREBRNY-1024x733.png 1024w, https:\/\/determined-banzai.136-243-168-66.plesk.page\/wp-content\/uploads\/2021\/08\/SREBRNY-300x215.png 300w, https:\/\/determined-banzai.136-243-168-66.plesk.page\/wp-content\/uploads\/2021\/08\/SREBRNY-768x549.png 768w, https:\/\/determined-banzai.136-243-168-66.plesk.page\/wp-content\/uploads\/2021\/08\/SREBRNY.png 1156w\" sizes=\"auto, (max-width: 1024px) 100vw, 1024px\" \/><\/a><figcaption class=\"blocks-gallery-item__caption\"> SREBRNY 2021 TECHNIKA W\u0141ASNA 2 X 60 CM X 30 CM <\/figcaption><\/figure><\/li><\/ul><\/figure>\n\n\n\n<p class=\"has-large-font-size\"><strong>Pojawy jakiego\u015b czasu<\/strong> <\/p>\n\n\n\n<figure class=\"wp-block-gallery columns-3 is-cropped wp-block-gallery-2 is-layout-flex wp-block-gallery-is-layout-flex\"><ul class=\"blocks-gallery-grid\"><li class=\"blocks-gallery-item\"><figure><a href=\"https:\/\/determined-banzai.136-243-168-66.plesk.page\/wp-content\/uploads\/2021\/08\/TONDO.png\"><img loading=\"lazy\" decoding=\"async\" width=\"1024\" height=\"691\" src=\"https:\/\/determined-banzai.136-243-168-66.plesk.page\/wp-content\/uploads\/2021\/08\/TONDO-1024x691.png\" alt=\"\" data-id=\"106\" data-full-url=\"https:\/\/determined-banzai.136-243-168-66.plesk.page\/wp-content\/uploads\/2021\/08\/TONDO.png\" data-link=\"https:\/\/determined-banzai.136-243-168-66.plesk.page\/index.php\/cykl-vi-pojawy-jakiegos-czasu\/tondo\/\" class=\"wp-image-106\" srcset=\"https:\/\/determined-banzai.136-243-168-66.plesk.page\/wp-content\/uploads\/2021\/08\/TONDO-1024x691.png 1024w, https:\/\/determined-banzai.136-243-168-66.plesk.page\/wp-content\/uploads\/2021\/08\/TONDO-300x202.png 300w, https:\/\/determined-banzai.136-243-168-66.plesk.page\/wp-content\/uploads\/2021\/08\/TONDO-768x518.png 768w, https:\/\/determined-banzai.136-243-168-66.plesk.page\/wp-content\/uploads\/2021\/08\/TONDO.png 1155w\" sizes=\"auto, (max-width: 1024px) 100vw, 1024px\" \/><\/a><figcaption class=\"blocks-gallery-item__caption\">TONDO<br>2021<br>TECHNIKA W\u0141ASNA<br>120 CM X 120 CM<\/figcaption><\/figure><\/li><li class=\"blocks-gallery-item\"><figure><a href=\"https:\/\/determined-banzai.136-243-168-66.plesk.page\/wp-content\/uploads\/2021\/08\/BLACHA.png\"><img loading=\"lazy\" decoding=\"async\" width=\"1024\" height=\"725\" src=\"https:\/\/determined-banzai.136-243-168-66.plesk.page\/wp-content\/uploads\/2021\/08\/BLACHA-1024x725.png\" alt=\"\" data-id=\"107\" data-full-url=\"https:\/\/determined-banzai.136-243-168-66.plesk.page\/wp-content\/uploads\/2021\/08\/BLACHA.png\" data-link=\"https:\/\/determined-banzai.136-243-168-66.plesk.page\/index.php\/cykl-vi-pojawy-jakiegos-czasu\/blacha\/\" class=\"wp-image-107\" srcset=\"https:\/\/determined-banzai.136-243-168-66.plesk.page\/wp-content\/uploads\/2021\/08\/BLACHA-1024x725.png 1024w, https:\/\/determined-banzai.136-243-168-66.plesk.page\/wp-content\/uploads\/2021\/08\/BLACHA-300x212.png 300w, https:\/\/determined-banzai.136-243-168-66.plesk.page\/wp-content\/uploads\/2021\/08\/BLACHA-768x543.png 768w, https:\/\/determined-banzai.136-243-168-66.plesk.page\/wp-content\/uploads\/2021\/08\/BLACHA.png 1173w\" sizes=\"auto, (max-width: 1024px) 100vw, 1024px\" \/><\/a><figcaption class=\"blocks-gallery-item__caption\">BANER\/BLACHA<br>2021<br>TECHNIKA W\u0141ASNA<br>90 CM X 200 CM<\/figcaption><\/figure><\/li><li class=\"blocks-gallery-item\"><figure><a href=\"https:\/\/determined-banzai.136-243-168-66.plesk.page\/wp-content\/uploads\/2021\/08\/CIALO.png\"><img loading=\"lazy\" decoding=\"async\" width=\"1024\" height=\"721\" src=\"https:\/\/determined-banzai.136-243-168-66.plesk.page\/wp-content\/uploads\/2021\/08\/CIALO-1024x721.png\" alt=\"\" data-id=\"109\" data-full-url=\"https:\/\/determined-banzai.136-243-168-66.plesk.page\/wp-content\/uploads\/2021\/08\/CIALO.png\" data-link=\"https:\/\/determined-banzai.136-243-168-66.plesk.page\/index.php\/cykl-vi-pojawy-jakiegos-czasu\/cialo\/\" class=\"wp-image-109\" srcset=\"https:\/\/determined-banzai.136-243-168-66.plesk.page\/wp-content\/uploads\/2021\/08\/CIALO-1024x721.png 1024w, https:\/\/determined-banzai.136-243-168-66.plesk.page\/wp-content\/uploads\/2021\/08\/CIALO-300x211.png 300w, https:\/\/determined-banzai.136-243-168-66.plesk.page\/wp-content\/uploads\/2021\/08\/CIALO-768x541.png 768w, https:\/\/determined-banzai.136-243-168-66.plesk.page\/wp-content\/uploads\/2021\/08\/CIALO.png 1173w\" sizes=\"auto, (max-width: 1024px) 100vw, 1024px\" \/><\/a><figcaption class=\"blocks-gallery-item__caption\">CIA\u0141O PAMI\u0118CI\/PAMI\u0118\u0106 CIA\u0141A<br>2021<br>TECHNIKA W\u0141ASNA<br>130 CM X 130 CM<\/figcaption><\/figure><\/li><li class=\"blocks-gallery-item\"><figure><a href=\"https:\/\/determined-banzai.136-243-168-66.plesk.page\/wp-content\/uploads\/2021\/08\/OLTARZ.png\"><img loading=\"lazy\" decoding=\"async\" width=\"1024\" height=\"712\" src=\"https:\/\/determined-banzai.136-243-168-66.plesk.page\/wp-content\/uploads\/2021\/08\/OLTARZ-1024x712.png\" alt=\"\" data-id=\"110\" data-full-url=\"https:\/\/determined-banzai.136-243-168-66.plesk.page\/wp-content\/uploads\/2021\/08\/OLTARZ.png\" data-link=\"https:\/\/determined-banzai.136-243-168-66.plesk.page\/index.php\/cykl-vi-pojawy-jakiegos-czasu\/oltarz\/\" class=\"wp-image-110\" srcset=\"https:\/\/determined-banzai.136-243-168-66.plesk.page\/wp-content\/uploads\/2021\/08\/OLTARZ-1024x712.png 1024w, https:\/\/determined-banzai.136-243-168-66.plesk.page\/wp-content\/uploads\/2021\/08\/OLTARZ-300x209.png 300w, https:\/\/determined-banzai.136-243-168-66.plesk.page\/wp-content\/uploads\/2021\/08\/OLTARZ-768x534.png 768w, https:\/\/determined-banzai.136-243-168-66.plesk.page\/wp-content\/uploads\/2021\/08\/OLTARZ.png 1173w\" sizes=\"auto, (max-width: 1024px) 100vw, 1024px\" \/><\/a><figcaption class=\"blocks-gallery-item__caption\">O\u0141TARZ\/PATP MATERAC<br>2021<br>TECHNIKA W\u0141ASNA<\/figcaption><\/figure><\/li><li class=\"blocks-gallery-item\"><figure><a href=\"https:\/\/determined-banzai.136-243-168-66.plesk.page\/wp-content\/uploads\/2021\/08\/BEZTYT.png\"><img loading=\"lazy\" decoding=\"async\" width=\"1024\" height=\"712\" src=\"https:\/\/determined-banzai.136-243-168-66.plesk.page\/wp-content\/uploads\/2021\/08\/BEZTYT-1024x712.png\" alt=\"\" data-id=\"111\" data-full-url=\"https:\/\/determined-banzai.136-243-168-66.plesk.page\/wp-content\/uploads\/2021\/08\/BEZTYT.png\" data-link=\"https:\/\/determined-banzai.136-243-168-66.plesk.page\/index.php\/cykl-vi-pojawy-jakiegos-czasu\/beztyt\/\" class=\"wp-image-111\" srcset=\"https:\/\/determined-banzai.136-243-168-66.plesk.page\/wp-content\/uploads\/2021\/08\/BEZTYT-1024x712.png 1024w, https:\/\/determined-banzai.136-243-168-66.plesk.page\/wp-content\/uploads\/2021\/08\/BEZTYT-300x209.png 300w, https:\/\/determined-banzai.136-243-168-66.plesk.page\/wp-content\/uploads\/2021\/08\/BEZTYT-768x534.png 768w, https:\/\/determined-banzai.136-243-168-66.plesk.page\/wp-content\/uploads\/2021\/08\/BEZTYT.png 1120w\" sizes=\"auto, (max-width: 1024px) 100vw, 1024px\" \/><\/a><figcaption class=\"blocks-gallery-item__caption\">BEZ TYTU\u0141U<br>2021<br>TECHNIKA W\u0141ASNA<br>120 CM X 190 CM<\/figcaption><\/figure><\/li><li class=\"blocks-gallery-item\"><figure><a href=\"https:\/\/determined-banzai.136-243-168-66.plesk.page\/wp-content\/uploads\/2021\/08\/BEZTYT2.png\"><img loading=\"lazy\" decoding=\"async\" width=\"827\" height=\"830\" src=\"https:\/\/determined-banzai.136-243-168-66.plesk.page\/wp-content\/uploads\/2021\/08\/BEZTYT2.png\" alt=\"\" data-id=\"108\" data-full-url=\"https:\/\/determined-banzai.136-243-168-66.plesk.page\/wp-content\/uploads\/2021\/08\/BEZTYT2.png\" data-link=\"https:\/\/determined-banzai.136-243-168-66.plesk.page\/index.php\/cykl-vi-pojawy-jakiegos-czasu\/beztyt2\/\" class=\"wp-image-108\" srcset=\"https:\/\/determined-banzai.136-243-168-66.plesk.page\/wp-content\/uploads\/2021\/08\/BEZTYT2.png 827w, https:\/\/determined-banzai.136-243-168-66.plesk.page\/wp-content\/uploads\/2021\/08\/BEZTYT2-300x300.png 300w, https:\/\/determined-banzai.136-243-168-66.plesk.page\/wp-content\/uploads\/2021\/08\/BEZTYT2-150x150.png 150w, https:\/\/determined-banzai.136-243-168-66.plesk.page\/wp-content\/uploads\/2021\/08\/BEZTYT2-768x771.png 768w\" sizes=\"auto, (max-width: 827px) 100vw, 827px\" \/><\/a><figcaption class=\"blocks-gallery-item__caption\">BEZ TYTU\u0141U<br>2021<br>TECHNIKA W\u0141ASNA<br>40 CM X 40 CM<\/figcaption><\/figure><\/li><\/ul><\/figure>\n\n\n\n<div class=\"wp-block-columns is-layout-flex wp-container-core-columns-is-layout-9d6595d7 wp-block-columns-is-layout-flex\">\n<div class=\"wp-block-column is-layout-flow wp-block-column-is-layout-flow\">\n<figure class=\"wp-block-gallery columns-1 is-cropped wp-block-gallery-3 is-layout-flex wp-block-gallery-is-layout-flex\"><ul class=\"blocks-gallery-grid\"><li class=\"blocks-gallery-item\"><figure><img loading=\"lazy\" decoding=\"async\" width=\"605\" height=\"662\" src=\"https:\/\/determined-banzai.136-243-168-66.plesk.page\/wp-content\/uploads\/2021\/08\/SARMAT.png\" alt=\"\" data-id=\"115\" class=\"wp-image-115\" srcset=\"https:\/\/determined-banzai.136-243-168-66.plesk.page\/wp-content\/uploads\/2021\/08\/SARMAT.png 605w, https:\/\/determined-banzai.136-243-168-66.plesk.page\/wp-content\/uploads\/2021\/08\/SARMAT-274x300.png 274w\" sizes=\"auto, (max-width: 605px) 100vw, 605px\" \/><figcaption class=\"blocks-gallery-item__caption\">NIE BY\u0141O SARMATY<br>2021<br>TECHNIKA W\u0141ASNA<br>50 CM X 50 CM<\/figcaption><\/figure><\/li><\/ul><\/figure>\n<\/div>\n\n\n\n<div class=\"wp-block-column is-layout-flow wp-block-column-is-layout-flow\"><\/div>\n\n\n\n<div class=\"wp-block-column is-layout-flow wp-block-column-is-layout-flow\"><\/div>\n<\/div>\n\n\n\n<p class=\"has-large-font-size\"><strong>Wyczute z pami\u0119ci <\/strong><\/p>\n\n\n\n<figure class=\"wp-block-gallery columns-1 is-cropped wp-block-gallery-4 is-layout-flex wp-block-gallery-is-layout-flex\"><ul class=\"blocks-gallery-grid\"><li class=\"blocks-gallery-item\"><figure><img loading=\"lazy\" decoding=\"async\" width=\"1024\" height=\"680\" src=\"https:\/\/determined-banzai.136-243-168-66.plesk.page\/wp-content\/uploads\/2021\/08\/BEZTYT-1-1024x680.png\" alt=\"\" data-id=\"158\" class=\"wp-image-158\" srcset=\"https:\/\/determined-banzai.136-243-168-66.plesk.page\/wp-content\/uploads\/2021\/08\/BEZTYT-1-1024x680.png 1024w, https:\/\/determined-banzai.136-243-168-66.plesk.page\/wp-content\/uploads\/2021\/08\/BEZTYT-1-300x199.png 300w, https:\/\/determined-banzai.136-243-168-66.plesk.page\/wp-content\/uploads\/2021\/08\/BEZTYT-1-768x510.png 768w, https:\/\/determined-banzai.136-243-168-66.plesk.page\/wp-content\/uploads\/2021\/08\/BEZTYT-1.png 1173w\" sizes=\"auto, (max-width: 1024px) 100vw, 1024px\" \/><figcaption class=\"blocks-gallery-item__caption\">BEZ TYTU\u0141U<br>2020<br>TECHNIKA W\u0141ASNA<br>160 CM X 390 CM<\/figcaption><\/figure><\/li><\/ul><\/figure>\n\n\n\n<figure class=\"wp-block-gallery columns-3 is-cropped wp-block-gallery-5 is-layout-flex wp-block-gallery-is-layout-flex\"><ul class=\"blocks-gallery-grid\"><li class=\"blocks-gallery-item\"><figure><a href=\"https:\/\/determined-banzai.136-243-168-66.plesk.page\/wp-content\/uploads\/2021\/08\/ROLKA.png\"><img loading=\"lazy\" decoding=\"async\" width=\"458\" height=\"341\" src=\"https:\/\/determined-banzai.136-243-168-66.plesk.page\/wp-content\/uploads\/2021\/08\/ROLKA.png\" alt=\"\" data-id=\"162\" data-full-url=\"https:\/\/determined-banzai.136-243-168-66.plesk.page\/wp-content\/uploads\/2021\/08\/ROLKA.png\" data-link=\"https:\/\/determined-banzai.136-243-168-66.plesk.page\/index.php\/wyczute-z-pamieci\/rolka\/\" class=\"wp-image-162\" srcset=\"https:\/\/determined-banzai.136-243-168-66.plesk.page\/wp-content\/uploads\/2021\/08\/ROLKA.png 458w, https:\/\/determined-banzai.136-243-168-66.plesk.page\/wp-content\/uploads\/2021\/08\/ROLKA-300x223.png 300w\" sizes=\"auto, (max-width: 458px) 100vw, 458px\" \/><\/a><figcaption class=\"blocks-gallery-item__caption\">ROLKA<br>2020<br>TECHNIKA W\u0141ASNA<\/figcaption><\/figure><\/li><li class=\"blocks-gallery-item\"><figure><a href=\"https:\/\/determined-banzai.136-243-168-66.plesk.page\/wp-content\/uploads\/2021\/08\/ZABAWKA.png\"><img loading=\"lazy\" decoding=\"async\" width=\"552\" height=\"756\" src=\"https:\/\/determined-banzai.136-243-168-66.plesk.page\/wp-content\/uploads\/2021\/08\/ZABAWKA.png\" alt=\"\" data-id=\"164\" data-full-url=\"https:\/\/determined-banzai.136-243-168-66.plesk.page\/wp-content\/uploads\/2021\/08\/ZABAWKA.png\" data-link=\"https:\/\/determined-banzai.136-243-168-66.plesk.page\/index.php\/wyczute-z-pamieci\/zabawka\/\" class=\"wp-image-164\" srcset=\"https:\/\/determined-banzai.136-243-168-66.plesk.page\/wp-content\/uploads\/2021\/08\/ZABAWKA.png 552w, https:\/\/determined-banzai.136-243-168-66.plesk.page\/wp-content\/uploads\/2021\/08\/ZABAWKA-219x300.png 219w\" sizes=\"auto, (max-width: 552px) 100vw, 552px\" \/><\/a><figcaption class=\"blocks-gallery-item__caption\">ZABAWKA MI\u015a WOJTEK<br>2020<br>TECHNIKA W\u0141ASNA<\/figcaption><\/figure><\/li><li class=\"blocks-gallery-item\"><figure><a href=\"https:\/\/determined-banzai.136-243-168-66.plesk.page\/wp-content\/uploads\/2021\/08\/FIGURA.png\"><img loading=\"lazy\" decoding=\"async\" width=\"586\" height=\"800\" src=\"https:\/\/determined-banzai.136-243-168-66.plesk.page\/wp-content\/uploads\/2021\/08\/FIGURA.png\" alt=\"\" data-id=\"160\" data-full-url=\"https:\/\/determined-banzai.136-243-168-66.plesk.page\/wp-content\/uploads\/2021\/08\/FIGURA.png\" data-link=\"https:\/\/determined-banzai.136-243-168-66.plesk.page\/index.php\/wyczute-z-pamieci\/figura\/\" class=\"wp-image-160\" srcset=\"https:\/\/determined-banzai.136-243-168-66.plesk.page\/wp-content\/uploads\/2021\/08\/FIGURA.png 586w, https:\/\/determined-banzai.136-243-168-66.plesk.page\/wp-content\/uploads\/2021\/08\/FIGURA-220x300.png 220w\" sizes=\"auto, (max-width: 586px) 100vw, 586px\" \/><\/a><figcaption class=\"blocks-gallery-item__caption\">FIGURA<br>2020<br>TECHNIKA W\u0141ASNA<\/figcaption><\/figure><\/li><li class=\"blocks-gallery-item\"><figure><a href=\"https:\/\/determined-banzai.136-243-168-66.plesk.page\/wp-content\/uploads\/2021\/08\/TABLICA-1.png\"><img loading=\"lazy\" decoding=\"async\" width=\"449\" height=\"545\" src=\"https:\/\/determined-banzai.136-243-168-66.plesk.page\/wp-content\/uploads\/2021\/08\/TABLICA-1.png\" alt=\"\" data-id=\"169\" data-full-url=\"https:\/\/determined-banzai.136-243-168-66.plesk.page\/wp-content\/uploads\/2021\/08\/TABLICA-1.png\" data-link=\"https:\/\/determined-banzai.136-243-168-66.plesk.page\/index.php\/wyczute-z-pamieci\/tablica-1\/\" class=\"wp-image-169\" srcset=\"https:\/\/determined-banzai.136-243-168-66.plesk.page\/wp-content\/uploads\/2021\/08\/TABLICA-1.png 449w, https:\/\/determined-banzai.136-243-168-66.plesk.page\/wp-content\/uploads\/2021\/08\/TABLICA-1-247x300.png 247w\" sizes=\"auto, (max-width: 449px) 100vw, 449px\" \/><\/a><figcaption class=\"blocks-gallery-item__caption\">TABLICA<br>2020<br>TECHNIKA W\u0141ASNA<\/figcaption><\/figure><\/li><li class=\"blocks-gallery-item\"><figure><a href=\"https:\/\/determined-banzai.136-243-168-66.plesk.page\/wp-content\/uploads\/2021\/08\/NIEWYBUCH.png\"><img loading=\"lazy\" decoding=\"async\" width=\"479\" height=\"677\" src=\"https:\/\/determined-banzai.136-243-168-66.plesk.page\/wp-content\/uploads\/2021\/08\/NIEWYBUCH.png\" alt=\"\" data-id=\"161\" data-full-url=\"https:\/\/determined-banzai.136-243-168-66.plesk.page\/wp-content\/uploads\/2021\/08\/NIEWYBUCH.png\" data-link=\"https:\/\/determined-banzai.136-243-168-66.plesk.page\/index.php\/wyczute-z-pamieci\/niewybuch\/\" class=\"wp-image-161\" srcset=\"https:\/\/determined-banzai.136-243-168-66.plesk.page\/wp-content\/uploads\/2021\/08\/NIEWYBUCH.png 479w, https:\/\/determined-banzai.136-243-168-66.plesk.page\/wp-content\/uploads\/2021\/08\/NIEWYBUCH-212x300.png 212w\" sizes=\"auto, (max-width: 479px) 100vw, 479px\" \/><\/a><figcaption class=\"blocks-gallery-item__caption\">NIEWYBUCH<br>2020<br>TECHNIKA W\u0141ASNA<\/figcaption><\/figure><\/li><li class=\"blocks-gallery-item\"><figure><a href=\"https:\/\/determined-banzai.136-243-168-66.plesk.page\/wp-content\/uploads\/2021\/08\/BEZTYT2-2.png\"><img loading=\"lazy\" decoding=\"async\" width=\"282\" height=\"399\" src=\"https:\/\/determined-banzai.136-243-168-66.plesk.page\/wp-content\/uploads\/2021\/08\/BEZTYT2-2.png\" alt=\"\" data-id=\"159\" data-full-url=\"https:\/\/determined-banzai.136-243-168-66.plesk.page\/wp-content\/uploads\/2021\/08\/BEZTYT2-2.png\" data-link=\"https:\/\/determined-banzai.136-243-168-66.plesk.page\/index.php\/wyczute-z-pamieci\/beztyt2-2\/\" class=\"wp-image-159\" srcset=\"https:\/\/determined-banzai.136-243-168-66.plesk.page\/wp-content\/uploads\/2021\/08\/BEZTYT2-2.png 282w, https:\/\/determined-banzai.136-243-168-66.plesk.page\/wp-content\/uploads\/2021\/08\/BEZTYT2-2-212x300.png 212w\" sizes=\"auto, (max-width: 282px) 100vw, 282px\" \/><\/a><figcaption class=\"blocks-gallery-item__caption\">BEZ TYTU\u0141U<br>2020<br>TECHNIKA W\u0141ASNA<\/figcaption><\/figure><\/li><li class=\"blocks-gallery-item\"><figure><a href=\"https:\/\/determined-banzai.136-243-168-66.plesk.page\/wp-content\/uploads\/2021\/08\/KSIEGA.png\"><img loading=\"lazy\" decoding=\"async\" width=\"711\" height=\"830\" src=\"https:\/\/determined-banzai.136-243-168-66.plesk.page\/wp-content\/uploads\/2021\/08\/KSIEGA.png\" alt=\"\" data-id=\"165\" data-full-url=\"https:\/\/determined-banzai.136-243-168-66.plesk.page\/wp-content\/uploads\/2021\/08\/KSIEGA.png\" data-link=\"https:\/\/determined-banzai.136-243-168-66.plesk.page\/index.php\/wyczute-z-pamieci\/ksiega\/\" class=\"wp-image-165\" srcset=\"https:\/\/determined-banzai.136-243-168-66.plesk.page\/wp-content\/uploads\/2021\/08\/KSIEGA.png 711w, https:\/\/determined-banzai.136-243-168-66.plesk.page\/wp-content\/uploads\/2021\/08\/KSIEGA-257x300.png 257w\" sizes=\"auto, (max-width: 711px) 100vw, 711px\" \/><\/a><figcaption class=\"blocks-gallery-item__caption\">KSI\u0118GA<br>2020<br>TECHNIKA W\u0141ASNA<\/figcaption><\/figure><\/li><\/ul><\/figure>\n","protected":false},"excerpt":{"rendered":"<p>Medaliki Pojawy jakiego\u015b czasu Wyczute z pami\u0119ci<\/p>\n","protected":false},"author":2,"featured_media":0,"parent":0,"menu_order":0,"comment_status":"closed","ping_status":"closed","template":"","meta":{"footnotes":""},"class_list":["post-247","page","type-page","status-publish","hentry"],"_links":{"self":[{"href":"https:\/\/determined-banzai.136-243-168-66.plesk.page\/index.php\/wp-json\/wp\/v2\/pages\/247","targetHints":{"allow":["GET"]}}],"collection":[{"href":"https:\/\/determined-banzai.136-243-168-66.plesk.page\/index.php\/wp-json\/wp\/v2\/pages"}],"about":[{"href":"https:\/\/determined-banzai.136-243-168-66.plesk.page\/index.php\/wp-json\/wp\/v2\/types\/page"}],"author":[{"embeddable":true,"href":"https:\/\/determined-banzai.136-243-168-66.plesk.page\/index.php\/wp-json\/wp\/v2\/users\/2"}],"replies":[{"embeddable":true,"href":"https:\/\/determined-banzai.136-243-168-66.plesk.page\/index.php\/wp-json\/wp\/v2\/comments?post=247"}],"version-history":[{"count":15,"href":"https:\/\/determined-banzai.136-243-168-66.plesk.page\/index.php\/wp-json\/wp\/v2\/pages\/247\/revisions"}],"predecessor-version":[{"id":283,"href":"https:\/\/determined-banzai.136-243-168-66.plesk.page\/index.php\/wp-json\/wp\/v2\/pages\/247\/revisions\/283"}],"wp:attachment":[{"href":"https:\/\/determined-banzai.136-243-168-66.plesk.page\/index.php\/wp-json\/wp\/v2\/media?parent=247"}],"curies":[{"name":"wp","href":"https:\/\/api.w.org\/{rel}","templated":true}]}}